{"id":3805,"date":"2022-05-23T21:18:20","date_gmt":"2022-05-23T19:18:20","guid":{"rendered":"https:\/\/www.geldernsein-festival.de\/?page_id=3805"},"modified":"2022-05-25T21:44:45","modified_gmt":"2022-05-25T19:44:45","slug":"2020-2","status":"publish","type":"page","link":"https:\/\/www.geldernsein-festival.de\/?page_id=3805","title":{"rendered":"2020"},"content":{"rendered":"<p><div class=\"fusion-fullwidth fullwidth-box fusion-builder-row-1 faded-background fusion-parallax-fixed hundred-percent-fullwidth non-hundred-percent-height-scrolling\" style=\"background-position: center top;background-repeat: no-repeat;padding-top:0px;padding-right:0px;padding-bottom:0px;padding-left:0px;margin-bottom: 50px;margin-top: 0px;border-width: 0px 0px 0px 0px;border-color:#3e3e3e;border-style:solid;-webkit-background-size:cover;-moz-background-size:cover;-o-background-size:cover;background-size:cover;background-attachment:fixed;\" ><div class=\"fullwidth-faded\" style=\"background-attachment:fixed;background-color:rgba(255,255,255,0);background-image: url(https:\/\/www.geldernsein-festival.de\/wp-content\/uploads\/2020\/03\/geldernsein2019-pel-89.jpg);background-position:center top;background-repeat:no-repeat;-webkit-background-size:cover;-moz-background-size:cover;-o-background-size:cover;background-size:cover;\" ><\/div><div class=\"fusion-builder-row fusion-row\"><div class=\"fusion-layout-column fusion_builder_column fusion-builder-column-0 fusion_builder_column_1_1 1_1 fusion-one-full fusion-column-first fusion-column-last fusion-animated\" style=\"margin-top:350px;margin-bottom:0px;\" data-animationType=\"shake\" data-animationDuration=\"0.3\" data-animationOffset=\"bottom-in-view\"><div class=\"fusion-column-wrapper fusion-flex-column-wrapper-legacy\" style=\"background-position:left top;background-repeat:no-repeat;-webkit-background-size:cover;-moz-background-size:cover;-o-background-size:cover;background-size:cover;background-color:rgba(0,0,0,0.5);padding: 10px 0px 10px 0px;\"><div class=\"fusion-text fusion-text-1\"><h1 style=\"text-align: center;\">R\u00fcckblick 2020<\/h1>\n<\/div><div class=\"fusion-text fusion-text-2\"><\/div><div class=\"fusion-clearfix\"><\/div><\/div><\/div><\/div><\/div><div class=\"fusion-fullwidth fullwidth-box fusion-builder-row-2 nonhundred-percent-fullwidth non-hundred-percent-height-scrolling\" style=\"background-color: rgba(255,255,255,0);background-position: center center;background-repeat: no-repeat;padding-top:0px;padding-right:0px;padding-bottom:0px;padding-left:0px;margin-bottom: 0px;margin-top: 0px;border-width: 0px 0px 0px 0px;border-color:#3e3e3e;border-style:solid;\" ><div class=\"fusion-builder-row fusion-row\"><div class=\"fusion-layout-column fusion_builder_column fusion-builder-column-1 fusion_builder_column_4_5 4_5 fusion-four-fifth fusion-column-first\" style=\"width:80%;width:calc(80% - ( ( 4% ) * 0.8 ) );margin-right: 4%;margin-top:0px;margin-bottom:0px;\"><div class=\"fusion-column-wrapper fusion-flex-column-wrapper-legacy\" style=\"background-position:left top;background-repeat:no-repeat;-webkit-background-size:cover;-moz-background-size:cover;-o-background-size:cover;background-size:cover;padding: 0px 0px 0px 0px;\"><div class=\"fusion-text fusion-text-3\"><p><img decoding=\"async\" class=\"alignnone size-full wp-image-3709\" src=\"https:\/\/www.geldernsein-festival.de\/wp-content\/uploads\/2020\/05\/absage2020.png\" alt=\"\" width=\"1980\" height=\"740\" srcset=\"https:\/\/www.geldernsein-festival.de\/wp-content\/uploads\/2020\/05\/absage2020-200x75.png 200w, https:\/\/www.geldernsein-festival.de\/wp-content\/uploads\/2020\/05\/absage2020-300x112.png 300w, https:\/\/www.geldernsein-festival.de\/wp-content\/uploads\/2020\/05\/absage2020-400x149.png 400w, https:\/\/www.geldernsein-festival.de\/wp-content\/uploads\/2020\/05\/absage2020-600x224.png 600w, https:\/\/www.geldernsein-festival.de\/wp-content\/uploads\/2020\/05\/absage2020-768x287.png 768w, https:\/\/www.geldernsein-festival.de\/wp-content\/uploads\/2020\/05\/absage2020-800x299.png 800w, https:\/\/www.geldernsein-festival.de\/wp-content\/uploads\/2020\/05\/absage2020-1024x383.png 1024w, https:\/\/www.geldernsein-festival.de\/wp-content\/uploads\/2020\/05\/absage2020-1200x448.png 1200w, https:\/\/www.geldernsein-festival.de\/wp-content\/uploads\/2020\/05\/absage2020.png 1980w\" sizes=\"(max-width: 1980px) 100vw, 1980px\" \/><\/p>\n<\/div><div class=\"fusion-text fusion-text-4\"><p>Alles war vorbereitet, die Bands standen fest &#8211; und dann mussten wir einsehen, das auch das geldernsein-Festival gegen die Pandemie nicht ankommen w\u00fcrde in diesem Jahr. Schweren Herzens mussten wir euch deshalb auf das kommende Jahr vertr\u00f6sten, hoffend, dass dann wieder alles gut und wie fr\u00fcher sein w\u00fcrde. Und f\u00fcr einen kurzen Abend war es das dann auch&#8230;<\/p>\n<\/div><div class=\"fusion-clearfix\"><\/div><\/div><\/div><div class=\"fusion-layout-column fusion_builder_column fusion-builder-column-2 fusion_builder_column_1_5 1_5 fusion-one-fifth fusion-column-last\" style=\"width:20%;width:calc(20% - ( ( 4% ) * 0.2 ) );margin-top:0px;margin-bottom:20px;\"><div class=\"fusion-column-wrapper fusion-flex-column-wrapper-legacy\" style=\"background-position:left top;background-repeat:no-repeat;-webkit-background-size:cover;-moz-background-size:cover;-o-background-size:cover;background-size:cover;padding: 0px 0px 0px 0px;\"><div class=\"fusion-widget-area fusion-widget-area-1 fusion-content-widget-area\"><style type=\"text\/css\">.fusion-widget-area-1 {padding:0px 0px 0px 0px;}.fusion-widget-area-1 .widget h4 {color:#ffffff;}.fusion-widget-area-1 .widget .heading h4 {color:#ffffff;}<\/style><style type=\"text\/css\" data-id=\"avada-vertical-menu-widget-3\">#avada-vertical-menu-widget-3 > ul.menu { margin-top: -8px; }<\/style><div id=\"avada-vertical-menu-widget-3\" class=\"widget avada_vertical_menu\"><div class=\"heading\"><h4 class=\"widget-title\">R\u00fcckblicke<\/h4><\/div><style>#fusion-vertical-menu-widget-avada-vertical-menu-widget-3-nav ul.menu li a {font-size:30px;}<\/style><nav id=\"fusion-vertical-menu-widget-avada-vertical-menu-widget-3-nav\" class=\"fusion-vertical-menu-widget fusion-menu hover right no-border\" aria-label=\"Secondary Navigation: R\u00fcckblicke\"><ul id=\"menu-rueckblick\" class=\"menu\"><li id=\"menu-item-3802\" class=\"menu-item menu-item-type-post_type menu-item-object-page menu-item-3802\"><a href=\"https:\/\/www.geldernsein-festival.de\/?page_id=3796\"><span class=\"arrow\"><\/span><span class=\"link-text\"> 2021<\/span><\/a><\/li><li id=\"menu-item-3808\" class=\"menu-item menu-item-type-post_type menu-item-object-page menu-item-3808\"><a href=\"https:\/\/www.geldernsein-festival.de\/?page_id=3805\"><span class=\"arrow\"><\/span><span class=\"link-text\"> 2020<\/span><\/a><\/li><li id=\"menu-item-3687\" class=\"menu-item menu-item-type-post_type menu-item-object-page menu-item-3687\"><a href=\"https:\/\/www.geldernsein-festival.de\/?page_id=3415\"><span class=\"arrow\"><\/span><span class=\"link-text\"> 2019<\/span><\/a><\/li><li id=\"menu-item-3113\" class=\"menu-item menu-item-type-post_type menu-item-object-page menu-item-3113\"><a href=\"https:\/\/www.geldernsein-festival.de\/?page_id=3078\"><span class=\"arrow\"><\/span><span class=\"link-text\"> 2018<\/span><\/a><\/li><li id=\"menu-item-2347\" class=\"menu-item menu-item-type-post_type menu-item-object-page menu-item-2347\"><a href=\"https:\/\/www.geldernsein-festival.de\/?page_id=281\"><span class=\"arrow\"><\/span><span class=\"link-text\"> 2017<\/span><\/a><\/li><li id=\"menu-item-2330\" class=\"menu-item menu-item-type-post_type menu-item-object-page menu-item-2330\"><a href=\"https:\/\/www.geldernsein-festival.de\/?page_id=278\"><span class=\"arrow\"><\/span><span class=\"link-text\"> 2016<\/span><\/a><\/li><li id=\"menu-item-2331\" class=\"menu-item menu-item-type-post_type menu-item-object-page menu-item-2331\"><a href=\"https:\/\/www.geldernsein-festival.de\/?page_id=275\"><span class=\"arrow\"><\/span><span class=\"link-text\"> 2015<\/span><\/a><\/li><li id=\"menu-item-2333\" class=\"menu-item menu-item-type-post_type menu-item-object-page menu-item-2333\"><a href=\"https:\/\/www.geldernsein-festival.de\/?page_id=272\"><span class=\"arrow\"><\/span><span class=\"link-text\"> 2014<\/span><\/a><\/li><li id=\"menu-item-2332\" class=\"menu-item menu-item-type-post_type menu-item-object-page menu-item-2332\"><a href=\"https:\/\/www.geldernsein-festival.de\/?page_id=268\"><span class=\"arrow\"><\/span><span class=\"link-text\"> 2013<\/span><\/a><\/li><\/ul><\/nav><\/div><div class=\"fusion-additional-widget-content\"><\/div><\/div><div class=\"fusion-clearfix\"><\/div><\/div><\/div><\/div><\/div><\/p>\n","protected":false},"excerpt":{"rendered":"","protected":false},"author":1,"featured_media":3709,"parent":0,"menu_order":0,"comment_status":"closed","ping_status":"closed","template":"100-width.php","meta":[],"_links":{"self":[{"href":"https:\/\/www.geldernsein-festival.de\/index.php?rest_route=\/wp\/v2\/pages\/3805"}],"collection":[{"href":"https:\/\/www.geldernsein-festival.de\/index.php?rest_route=\/wp\/v2\/pages"}],"about":[{"href":"https:\/\/www.geldernsein-festival.de\/index.php?rest_route=\/wp\/v2\/types\/page"}],"author":[{"embeddable":true,"href":"https:\/\/www.geldernsein-festival.de\/index.php?rest_route=\/wp\/v2\/users\/1"}],"replies":[{"embeddable":true,"href":"https:\/\/www.geldernsein-festival.de\/index.php?rest_route=%2Fwp%2Fv2%2Fcomments&post=3805"}],"version-history":[{"count":5,"href":"https:\/\/www.geldernsein-festival.de\/index.php?rest_route=\/wp\/v2\/pages\/3805\/revisions"}],"predecessor-version":[{"id":3820,"href":"https:\/\/www.geldernsein-festival.de\/index.php?rest_route=\/wp\/v2\/pages\/3805\/revisions\/3820"}],"wp:featuredmedia":[{"embeddable":true,"href":"https:\/\/www.geldernsein-festival.de\/index.php?rest_route=\/wp\/v2\/media\/3709"}],"wp:attachment":[{"href":"https:\/\/www.geldernsein-festival.de\/index.php?rest_route=%2Fwp%2Fv2%2Fmedia&parent=3805"}],"curies":[{"name":"wp","href":"https:\/\/api.w.org\/{rel}","templated":true}]}}